. What is the units digit of r?
3
Suppose 540 + 3332 = 8*h. Suppose 0*q = -4*q - 5*s + h, -2*q = 4*s - 242. What is the hundreds digit of q?
1
Let p(h) = -9*h + 2. Let a be p(-1). Suppose 3*u = a*u - 704. What is the units digit of u?
8
Let v = 15 - 11. Suppose -4*y + 3*n - 53 = -248, y + v*n - 63 = 0. What is the units digit of y?
1
Let z(g) = 4*g**2 + 18*g - 263. What is the units digit of z(17)?
9
Let c be ((-9)/(-18))/(2/4). What is the units digit of (c - (-2 + 0)) + 62?
5
Let j(t) = -4*t**3 - 3*t - 3. Let o be j(-1). Suppose -o*y + y = -90. What is the tens digit of y?
3
Let j be (4/6)/((-7)/(-21)). Let r be 51/(-9) + j/3. Let v(b) = -9*b + 6. What is the tens digit of v(r)?
5
Let h = -21 - -23. Suppose 3*j - 600 = h*f + 3*f, -15 = 5*f. Let y = j + -135. What is the units digit of y?
0
Suppose -1633*s + 1631*s = -1890. What is the hundreds digit of s?
9
Suppose a = 18 - 8. Suppose 176 + 34 = a*k. What is the tens digit of k?
2
Let d be (-4)/14 - 33/7. Let x(h) = -14*h - 44. Let m(g) = -5*g - 15. Let q(o) = 8*m(o) - 3*x(o). What is the units digit of q(d)?
2
Suppose 3*p - p - 2 = 0, 5*g - 2*p - 23 = 0. Let n(o) = -o**3 + o**2 - o + 120. Let v be n(0). Suppose d + v = g*d. What is the tens digit of d?
3
Suppose -3*k + 53 = -163. Suppose k = 5*y - 103. What is the units digit of y?
5
Let h = 39 - 38. What is the units digit of (36/15)/(h/10)?
4
Let f(k) = -3*k**3 - 2*k - 1. Let u be f(-1). What is the units digit of -12*u/(-8) - -2?
8
Suppose 5*u = 2 + 8. What is the units digit of (14*(-2)/(-4))/(u/6)?
1
Let b be 1818/8 + (-2)/8. Let m = -110 + b. Let q = -72 + m. What is the units digit of q?
5
Let o = -6 + -37. Let u be (36/(-16))/(3/8). Let y = u - o. What is the units digit of y?
7
Let o be (3 + -2)*(-30)/3. What is the tens digit of ((-96)/20)/(2/o)?
2
Let v be (-3)/5 - 81/15. Let r(w) = -w**3 - 7*w**2 - 8*w + 3. What is the tens digit of r(v)?
1
Let m = 158 - -24. Suppose 2*q + 3*q = 0. What is the units digit of m/13 - (q + 2)?
2
Let w = -4 + 8. Suppose -w*q = -2*j + 22, -17 = 2*q + 2*j + 3*j. Let r = 49 + q. What is the units digit of r?
3
Let i = 1027 + -542. Suppose k + 3*s = -3*k + i, -4*k - 4*s + 488 = 0. What is the units digit of k?
9
Let l be (0 + (-10)/4)*(-12)/10. Suppose -9 = -l*w + 66. What is the tens digit of w?
2
Let p(y) = 5*y**2 + 16*y + 6. What is the tens digit of p(-11)?
3
Let r(q) = 2*q - 3. Let o be r(2). Suppose 0*l - 3 = -f + l, -f + 5*l = o. Suppose -2*d - f = 4, 0 = -5*a - 5*d + 155. What is the units digit of a?
5
Let u(d) = -2*d**2 - 27*d + 28. What is the units digit of u(-14)?
4
Let b(z) = 4*z - 3. Let o be b(5). Let y = o - -4. Suppose 0*h - h = -y. What is the tens digit of h?
2
What is the thousands digit of 574164/198 + 18/99?
2
Let h be (-1 + 2)/((-5)/(-40)*4). Suppose h*x = -x + 651. What is the tens digit of x?
1
Let d(j) = -j**3 + 16*j**2 - 14*j + 2. What is the units digit of d(6)?
8
Suppose -p = -13*p + 5820. What is the tens digit of p?
8
Suppose 4*z - 16 = 2*z. Let q be (-6)/14 + 240/21. Suppose -q*a = -z*a - 117. What is the units digit of a?
9
Suppose 5*k - 3 - 7 = 0. Let s be -1 - 1 - (-6 + k). What is the units digit of (10/20)/(s/68)?
7
What is the tens digit of (-334 - -56)*(1 - (-10)/(-4))?
1
Suppose 7*t - 54 = 16. Let o be t*(96/(-20) - -2). What is the tens digit of (-1188)/o + 3/(-7)?
4
Let f(o) = 6*o**2 + 10*o + 5. Let v(r) = -r**2 + r. Let t = -30 + 35. Let y(i) = t*v(i) + f(i). What is the units digit of y(-18)?
9
Suppose 11*c + 2*c = 26. Suppose -5*j - 232 = -c*u + 35, 5*u + 5*j - 580 = 0. What is the hundreds digit of u?
1
Let m = -63 - -56. Let p(g) = -11*g - g**3 - 8 - 9*g**2 + 0*g**3 - 5*g. What is the units digit of p(m)?
6
Let r be 232 - (7 + (-4 - -1)). Suppose 321 = -3*v - y, 2*v + r = 5*y - y. Let s = -72 - v. What is the tens digit of s?
3
Let l be ((-5)/(15/678))/1. Let j = 449 + l. What is the hundreds digit of j?
2
Let q be (-3)/(-12)*0 - -4. Let k = -5 + q. Let x = 22 + k. What is the tens digit of x?
2
Suppose -11676 = -19*q + 7*q. What is the hundreds digit of q?
9
Let p(n) = n**3 - 11*n**2 + 9*n - 1. Let f be p(10). Let r = f - -15. What is the units digit of (5 - r)/(1/33)?
3
Let c(m) = 197*m + 622. What is the units digit of c(8)?
8
Let c = -2822 + 4032. What is the thousands digit of c?
1
Suppose 0*s - 6 = -s. Let j(a) = a**2 - 5*a - 6. Let r be j(s). What is the units digit of 35 + (2 + -2 - r)?
5
Suppose -20 = -4*w, 3*k + 25 = -0*k - w. Let u = k - -30. Let n = u - 12. What is the units digit of n?
8
Suppose 17*j = 10*j + 21. Suppose -j*d + 3 = 0, 0*d + d = 3*m - 332. What is the hundreds digit of m?
1
What is the tens digit of (95400/(-81))/(-8) - 4/18?
4
Let r be (-2)/(-6) - (-980)/3. Suppose -7*h + 128 = -r. What is the units digit of h?
5
Let h(q) = -11*q**2 - q. Let w be h(5). Let g = 480 + w. Suppose 0 = 3*b + 4*p - g, -2*b - 3*p - 2*p = -131. What is the units digit of b?
8
Let h be 0/((1 - 2)*-3). Suppose 0 = v + 3*u - 23, -4*v - v + 3*u + 43 = h. What is the tens digit of v?
1
What is the hundreds digit of 8/(-84) - 39946/(-42)?
9
Let i = -1887 - -3385. What is the hundreds digit of i?
4
Let v(h) = 537*h**3 - 2*h**2 - 4*h - 3. What is the tens digit of v(2)?
7
Suppose 551 + 224 = 5*g. What is the units digit of g?
5
Let f be 3 + 20/(-16) + 3/12. Let b(h) = 28*h + 7. What is the units digit of b(f)?
3
Let v be 12/(-2) + (-43)/(-1). Let i be ((-7)/3)/((-1)/(-9)). Let x = v + i. What is the tens digit of x?
1
Let w be (-2)/(-3) - (-70)/30. Let b be 18/3 + -3 + w. What is the tens digit of (18/(-8))/(b/(-48))?
1
Let q = 3658 + -2237. What is the tens digit of q?
2
Let z = 151 - 73. Suppose -5*i = 0, 3*n + 0*i - z = i. Suppose 0 = -4*m + n + 38. What is the units digit of m?
6
Suppose -3*x + 2*a = -77 - 808, 2*a + 1180 = 4*x. What is the tens digit of x?
9
What is the units digit of 5 + 77/(-15) + 27248/60?
4
Suppose -197 = -2*i - c, 5*i = 8*i + 2*c - 297. What is the tens digit of i?
9
Let q(o) = -o**2 - 16*o - 1. Let l be q(-13). Suppose 246 = 4*y - l. Suppose -3*p + 233 - y = 0. What is the units digit of p?
4
Let o(r) = -r**3 - 11*r**2 + 12*r + 16. Let k be (54/(-3) - -1)/(-1). Let z = k - 29. What is the units digit of o(z)?
6
Let s(n) = 17*n + 261. Let h(p) = 6*p + 87. Let b(j) = -11*h(j) + 4*s(j). What is the tens digit of b(0)?
8
Let p be ((-55)/4)/((-5)/(-60)). Let u be ((-6)/(-5))/((-22)/p). Suppose u*y - 12*y = -138. What is the tens digit of y?
4
Let q(c) = 29*c**2 - 23*c - 15. What is the thousands digit of q(-7)?
1
Let l(f) = 6*f**2 - 5. Let m be 16 - (-1)/(-4)*4. Suppose m = 2*b + 3*b. What is the tens digit of l(b)?
4
Let m = 1112 - 677. What is the units digit of m?
5
Let q = 72 - -5. Let s = 295 + -323. Let l = q + s. What is the units digit of l?
9
Let i(d) = 559*d - 350. What is the hundreds digit of i(10)?
2
Let u(b) = -2*b - 3. Let s be u(-2). Let n = s + -6. What is the units digit of (7 + n)*(-6)/(-4)?
3
Let y = -129 - -372. What is the units digit of y?
3
Let q = 17 + -14. Let j(o) = 16*o**2 - q*o - 9*o**2 + 1 + o**3 + 0. What is the tens digit of j(-7)?
2
Suppose o - 6*o = 0. Let r be -8 - -12 - (29 - o). Let i = 57 + r. What is the tens digit of i?
3
Let z = 25 - 30. What is the tens digit of (-8)/6*240/z?
6
Suppose 3*p = -4*i - 189 + 48, -5*p + 25 = 0. What is the tens digit of ((-26)/i)/((-1)/(-90))?
6
Suppose 3*h = v - 1066, -4*v + 1688 = -h - 2587. What is the units digit of v?
9
Suppose -1063 = -5*q - 3*v, -5*q - 2*v = 111 - 1173. What is the tens digit of q?
1
Let u be (0 + (-106)/3)*6. Let b = 132 + u. Let q = -42 - b. What is the units digit of q?
8
Let k(q) = q + 1. Let p be k(1). Let s be (22 - (-2 - -1)) + 14 + -13. Suppose a - p*a = -s. What is the tens digit of a?
2
Suppose 7*a + 3*v - 5361 = 4*a, -a + 3*v = -1771. What is the units digit of a?
3
Suppose -3*z - 5*n = -25, 0 = -3*z + 2*z + n + 11. Let l(q) = q**2 - 52*q - 106. Let c be l(-2). What is the tens digit of 535/z - 1/c?
5
Let v(t) be the third derivative of t**5/60 + t**4/8 - 4*t**3/3 - 2*t**2. Let z be v(-6). Suppose -45 = -5*g - z. What is the units digit of g?
7
Let b(g) = -1 - 2*g + 8*g - 5*g - 16*g. What is the units digit of b(-1)?
4
Suppose 4*u + c = 3164, 2*u + 2*c + 3*c - 1564 = 0. What is the units digit of u?
2
Suppose -n - 23 = -5*t, t 